-10090. Suppose -11*o - k = -16*o. Is o a composite number?
False
Suppose 3*i = -2*d + 15276 - 4012, -i + 3748 = 4*d. Suppose -8*r = -3*r + 15, p + 4*r - 36 = 0. Suppose 52*m = p*m + i. Is m a prime number?
False
Suppose 125*p = 1599564 + 14775311. Is p a prime number?
False
Let k = 1915 + 4621. Let j = -4407 + k. Is j a prime number?
True
Let y = 21948 + -17779. Is y prime?
False
Suppose -4*h - 30 = 3*c - c, -5*c - 30 = 5*h. Let m be (-6)/h - (-7873)/3. Suppose 1892 = 4*v + 5*n, -4*v + 5*n = 733 - m. Is v composite?
True
Suppose -3*y - y + 5960 = 2*q, -5*q - 4496 = -3*y. Suppose -y = n - 5*n. Let m = 768 - n. Is m prime?
False
Let f = -50 - -53. Suppose -3*o - o - k = 34912, -26169 = f*o - 3*k. Is o/(-27) + 6/(-27) composite?
True
Is (-214162 - 1)/(-107 - -106) a prime number?
True
Suppose 13 = 10*y - 7. Suppose r = 2*n + 4*r - 37618, -2*r + 37614 = y*n. Is n a prime number?
True
Let p(u) = 2*u**2 - 2*u - 7. Let k be p(3). Suppose k*f = -3532 + 15617. Is f a prime number?
True
Let b(y) = -y**3 + 24*y**2 + 27*y - 2. Let l be b(26). Is ((-1462)/344)/(1/l) a composite number?
True
Let l = -11 - -8. Let j(v) = -v**2 - 49*v + 4694. Let a be j(0). Is a/1 - (3 - (3 + l)) a prime number?
True
Suppose 5*l - 3*i - 84144 = 25309, -3*l - 4*i + 65695 = 0. Is l a prime number?
True
Let q = -766 - -1153. Suppose -50*m = -49*m - q. Suppose 3*s = m + 60. Is s composite?
False
Suppose 3*s = 4*m - 508463, -m + 2*s = 6102 - 133219. Is m a composite number?
True
Suppose 4*q = 13 + 11. Let m(x) = 1 + q*x + 8*x - 3*x - 4*x + 2*x**2. Is m(6) prime?
False
Let b = -7 + 959. Let f = b - -779. Is f a composite number?
True
Suppose -l + 3*b = 2 - 16, -3*l = 4*b - 42. Suppose 3 = -j - 2*m + 5*m, -l = 3*j - 4*m. Let f(d) = -d**3 + 3*d**2 + 3*d - 3. Is f(j) composite?
True
Suppose -7*d + 763 = -6076. Let h = d - -1142. Is h a composite number?
True
Suppose -5*c - 59 = -5*g + 61, g = 2*c + 47. Let y = 17 + c. Is y/27 + (-479)/(-9) composite?
False
Suppose -36*a + 805472 = -348004. Is a a prime number?
False
Suppose -9*l = 5*y - 10*l - 1632177, -2*y = -3*l - 652876. Is y composite?
True
Let s(a) = 8*a**3 - a**2 - 3*a - 3. Let o be s(6). Let v be -12*(142302/(-36))/37. Suppose 4*y - o = -b, -2*b = -3*y + 3*b + v. Is y prime?
True
Suppose 8*a = -a + 63. Suppose 4*n + 4 = -5*z + a*z, -5*z + 40 = 5*n. Is 30788/6 - 9*z/162 a prime number?
False
Let h(v) = 13*v - 1. Let o be h(1). Suppose -4*r = l - 0*l - o, -5*r = -4*l + 6. Suppose 0 = 5*w - r*n - 1973, 5*w - 1971 = 7*n - 3*n. Is w composite?
True
Let s = -1960 - -3405. Let k be s/35 - (-4)/(-14). Let m = k - -14. Is m a composite number?
True
Let u = -16 + 21. Suppose 5 = -u*c + 6*c. Suppose 1886 = 5*h + 3*x, c*x = 5*h + 89 - 1999. Is h prime?
True
Let c(n) = n**3 - 9*n**2 - 2*n - 55. Suppose 195 = 3*q + 120. Is c(q) composite?
True
Is 124/(-744) + (-662918)/(-12) a prime number?
True
Let z(h) = -104*h - 825. Is z(-14) a prime number?
True
Let v(a) = 2*a + 6. Let y be v(-3). Let z(j) = j**3 + 43*j**2 + 37*j - 117. Let t be z(-40). Suppose y = -3*u + t - 614. Is u a composite number?
False
Suppose 5*i = -0*i - 840. Let t = 835 - i. Is t a composite number?
True
Suppose 0 = 118*m - 121*m - 2*h + 94075, -3*h + 156791 = 5*m. Is m a prime number?
True
Suppose -4*v = 3120 - 8068. Suppose 5*k - 4*k = 2*u + v, 3*k - 3 = 0. Let i = 1885 - u. Is i composite?
False
Suppose 36*p - 114203 = 14*p + 2922875. Is p composite?
True
Suppose 17*a = 18*a + 15. Let s(q) = 8*q + 2*q**2 + 14*q + 22 - 8*q - q. Is s(a) a composite number?
False
Let x be ((-52)/(-130))/(2/2120) + 3. Suppose -2*b - b + 4*o = -x, 4*b + o - 563 = 0. Is b prime?
False
Suppose 3*k + 3*p - 3 = 0, -3*p - 2*p = 15. Suppose 0 = k*a - 3450 - 1906. Suppose 3*x - a = -x - 3*j, 352 = x - 5*j. Is x prime?
True
Let v be (2/(-8))/(2/(-472)). Let c = v + -51. Suppose -2*a = c*a - 9670. Is a a prime number?
True
Suppose 3*q - 18 = -2*b + b, b - 23 = -2*q. Let o = -14 + b. Suppose -16*c = -o*c + 2877. Is c a prime number?
False
Let w(i) = 3*i + 5. Let t be w(1). Suppose -t*j + 33988 = -12324. Is j prime?
False
Let i(x) = 638*x**2 - 44*x - 179. Is i(8) a composite number?
True
Suppose -2*a + 778630 = x - 295169, 0 = -5*a - x + 2684508. Is a a prime number?
False
Suppose -591 = -d - 0*d. Suppose 28*h - 44 = 17*h. Suppose h*f - 2*s = -f + d, 3*f - 5*s = 347. Is f prime?
False
Let y = 70081 - -25888. Is y a prime number?
False
Let f = 1958 + -1095. Let t be -9902*(1/(-6))/((-3)/(-9)). Suppose 3*w + 5*h = t, 0 = -3*w - 4*h - f + 5818. Is w a composite number?
False
Is 24/(-3) + (-2 - -5538521)/21 a composite number?
True
Suppose 0 = -u + 2*w + 8529, -48*w + 47*w + 25615 = 3*u. Suppose -5*p + 21365 = -2*a, -13*p + 15*p - u = -a. Is p composite?
False
Let n(r) = 7607*r**2 + 208*r**2 + 4*r - 5 + r - 10*r - 2*r. Is n(-1) a prime number?
True
Let p(h) = -h**3 - 4*h**2 + 5. Let b be p(-4). Let s = 63 + b. Suppose -5*k + 27 = -s. Is k a composite number?
False
Let k = -103506 - -205133. Is k a prime number?
True
Suppose -11*w + 4*w = 385. Let q = -53 - w. Suppose q*h = h + 527. Is h composite?
True
Let p(d) = -231*d - 1. Let a(g) = -2*g + 40. Let z be a(-19). Let o = 74 - z. Is p(o) a composite number?
True
Suppose 5380*g - 5393*g + 1246843 = 0. Is g composite?
False
Is (-7)/(-2) + (-2827874)/(-28) a prime number?
True
Let w be (-6 - 11/(-2))*-4. Suppose 3*o - 2*x + 4*x - 3332 = 0, 1124 = o - w*x. Is o a composite number?
True
Let k = 80 + -118. Let h = -20 - k. Suppose 15*c + 1749 = h*c. Is c a composite number?
True
Let x(c) = -4*c - 7. Let g be x(-4). Let f(k) = 6*k**2 - 12*k - 12. Let p be f(g). Let l = p + 31. Is l composite?
False
Let g = 22 + -22. Let s(w) = -w**2 - 13*w - 7. Let f be s(-12). Suppose -f*c + g*c = -5045. Is c prime?
True
Let g be -7 + 7 - (-1 - 1). Let q(a) = -8*a**2 + 8*a**2 - 12*a + 8*a**2 + 0*a**g - 8 + a**3. Is q(-9) composite?
False
Suppose -174*a = -3878741 - 18482869. Is a a composite number?
True
Let u(k) = -5*k - 42. Let m be u(-6). Is (-8)/(m/(-3)) + 2901 prime?
False
Suppose -8772 = -6*h + 14460. Let w = 5433 - h. Is w prime?
False
Suppose -11 = -2*r + 31. Suppose r = y + 18. Suppose -3*i = -y*d + 168, -3*i = -d - 28 + 94. Is d a prime number?
False
Let v(l) = -62*l - 35 - 4 - 7 - 16. Let y be v(14). Let g = -367 - y. Is g prime?
True
Let b(w) = 3*w**3. Suppose 6 = t - 4*x, 3*t - 5*x = 2*t + 7. Let m be b(t). Is 2687/15 + m/(-180) a prime number?
True
Is (4/(-26))/((-142)/36300809) - (-4)/(-26) prime?
False
Let u(n) = 3*n + 19 + 40 + 19. Let x be u(-25). Suppose j = -x*r - 4*j + 445, 2*r - 300 = -5*j. Is r a prime number?
False
Let z = 978 + -569. Suppose -5*y + 6*y = z. Is y a composite number?
False
Suppose 3*n = -3*d + 740 - 2450, -5*d - 2*n - 2850 = 0. Let m = d - -1505. Suppose -4*c + m = -v - 0*v, 0 = c + v - 240. Is c a prime number?
False
Let z be (-3)/(-8) - 2888958/(-48). Suppose 3*t + 3*y = 60159, -3*t - 68*y = -72*y - z. Is t prime?
False
Let h(s) = -597*s**3 - s**2 + 3*s + 3. Let k = -333 - -331. Is h(k) composite?
True
Let m(y) = 395*y**2 + 699*y**2 - 73 + 12*y + 111 - 18*y. Is m(5) a prime number?
False
Let r = -56395 + 90909. Is r composite?
True
Suppose -60 - 66 = 2*y. Let o(i) = -5*i**2 + 5*i - 3. Let s be o(1). Is 7*8562/y*s a prime number?
False
Suppose 2*p = -10*f + 12*f + 14846, 5*p - 37123 = 3*f. Is p prime?
False
Let i = -349752 + 790705. Is i a composite number?
False
Suppose 36710 + 14070 = 5*t. Let a = t - 5122. Let r = a - 1831. Is r a composite number?
False
Suppose -3*y = -2*c - 4172, -21*y + 20*y + 1400 = 4*c. Let m = y - -943. Is m prime?
False
Suppose -180*y = -160*y - 360820. Is y a prime number?
True
Let d(z) = -138*z**3 + 13*z**2 - 14*z - 124. Is d(-5) a composite number?
True
Suppose -33*u = 166335 - 844056. Is u a prime number?
False
Let t(w) = 236*w - 149. Let m be t(14). Let r = 1789 + -969. Suppose 0 = 5*k + r - m. Is k composite?
False
Suppose -3*c - 65151 = -q, -1811 - 454182 = -7*q + 5*c. Is q a composite number?
True
Let z be (-1664)/(-40)*3890/2. Suppose 5*m - 2*l = 2*m + 48543, -l = -5*m + z. Is m a composite number?
False
Let w = 13535 + 5744. Is w a composite number?
True
Let n(r) be the second derivative of 767*r**3/6 + 87*r**2 + 12*r + 2. Is n(7) composite?
True
Let t(q) = -2*q**2 + 19*q + 6. Let v be t(10). Let w 